Is 14274 a multiple of 45?
False
Is 828 a multiple of 207?
True
Does 16 divide 576?
True
Is 29 a factor of 6148?
True
Is 128 a multiple of 3?
False
Does 29 divide 996?
False
Is 35 a factor of 945?
True
Is 2040 a multiple of 68?
True
Is 4614 a multiple of 3?
True
Is 10967 a multiple of 11?
True
Is 32 a factor of 39?
False
Is 351 a multiple of 17?
False
Is 66 a factor of 1584?
True
Does 4 divide 3072?
True
Does 7 divide 14757?
False
Is 2789 a multiple of 38?
False
Does 31 divide 1178?
True
Is 50 a factor of 1550?
True
Is 323 a factor of 24071?
False
Is 21 a factor of 1848?
True
Is 3477 a multiple of 71?
False
Is 69888 a multiple of 112?
True
Does 69 divide 20838?
True
Is 4010 a multiple of 34?
False
Does 147 divide 10676?
False
Is 2120 a multiple of 106?
True
Does 42 divide 1260?
True
Is 13004 a multiple of 43?
False
Is 56918 a multiple of 8?
False
Does 7 divide 483?
True
Is 1717 a multiple of 17?
True
Is 27 a factor of 14202?
True
Is 5757 a multiple of 28?
False
Does 135 divide 4135?
False
Is 2 a factor of 245?
False
Is 6888 a multiple of 39?
False
Is 8 a factor of 342?
False
Is 9 a factor of 4212?
True
Does 149 divide 55130?
True
Is 44074 a multiple of 7?
False
Does 12 divide 2196?
True
Is 66 a multiple of 25?
False
Does 2 divide 2865?
False
Does 11 divide 36322?
True
Does 23 divide 972?
False
Is 17 a factor of 4097?
True
Is 11461 a multiple of 10?
False
Is 1512 a multiple of 27?
True
Is 1589 even?
False
Is 3 a factor of 171?
True
Does 3 divide 928?
False
Does 18 divide 688?
False
Does 39 divide 4134?
True
Is 12 a factor of 23917?
False
Is 53 a factor of 1084?
False
Does 13 divide 26325?
True
Is 80 a factor of 7773?
False
Is 60 a multiple of 30?
True
Is 2622 a multiple of 57?
True
Is 3263 a multiple of 13?
True
Is 1011 a multiple of 13?
False
Does 44 divide 911?
False
Is 5 a factor of 1685?
True
Does 32 divide 1408?
True
Is 3 a factor of 561?
True
Does 19 divide 3515?
True
Does 128 divide 3923?
False
Does 146 divide 20832?
False
Does 5 divide 170?
True
Is 111 a multiple of 37?
True
Is 5 a factor of 26448?
False
Is 50305 a multiple of 54?
False
Is 70 a factor of 73850?
True
Does 141 divide 2961?
True
Is 112 a factor of 28672?
True
Is 52626 a multiple of 42?
True
Is 4 a factor of 181?
False
Is 6 a factor of 1616?
False
Is 116 a factor of 1962?
False
Is 48303 a multiple of 71?
False
Does 23 divide 19711?
True
Does 323 divide 19307?
False
Is 38378 a multiple of 62?
True
Is 142 a factor of 11076?
True
Is 50 a factor of 4919?
False
Does 98 divide 9101?
False
Does 50 divide 1012?
False
Does 5 divide 18880?
True
Is 35 a factor of 5145?
True
Does 21 divide 819?
True
Is 17 a factor of 898?
False
Is 8937 a multiple of 4?
False
Is 3284 a multiple of 42?
False
Is 76 a multiple of 4?
True
Is 2554 a multiple of 34?
False
Is 12319 a multiple of 68?
False
Does 125 divide 2232?
False
Is 39527 a multiple of 29?
True
Does 5 divide 1209?
False
Is 129 a factor of 138030?
True
Does 9 divide 747?
True
Is 164 a factor of 137343?
False
Is 13 a factor of 56927?
True
Is 116394 a multiple of 32?
False
Is 8790 a multiple of 52?
False
Is 2849 a multiple of 11?
True
Is 156 a factor of 2028?
True
Is 1168 a multiple of 8?
True
Does 4 divide 1857?
False
Is 70 a factor of 1042?
False
Is 4 a factor of 40?
True
Does 8 divide 7056?
True
Is 3528 a multiple of 72?
True
Is 4614 a multiple of 19?
False
Does 13 divide 126048?
True
Does 8 divide 5472?
True
Does 113 divide 74580?
True
Does 22 divide 2776?
False
Is 3088 a multiple of 20?
False
Does 64 divide 2516?
False
Does 40 divide 3680?
True
Does 8 divide 38243?
False
Is 102 a factor of 3899?
False
Does 13 divide 101884?
False
Is 6523 a multiple of 197?
False
Is 10 a factor of 19431?
False
Is 84390 a multiple of 29?
True
Is 148 a multiple of 37?
True
Is 19 a factor of 3249?
True
Is 5 a factor of 9550?
True
Does 26 divide 390?
True
Does 71 divide 19596?
True
Is 285 a factor of 21202?
False
Is 16660 a multiple of 70?
True
Does 44 divide 1323?
False
Is 1408 a multiple of 176?
True
Is 2464 a multiple of 168?
False
Is 54 a factor of 2484?
True
Is 112 a multiple of 16?
True
Is 14 a factor of 1408?
False
Is 71 a factor of 4288?
False
Is 8780 a multiple of 13?
False
Is 86 a factor of 60458?
True
Does 44 divide 83?
False
Is 96 a factor of 5708?
False
Does 6 divide 168?
True
Is 11 a factor of 21505?
True
Does 135 divide 7725?
False
Is 11592 a multiple of 18?
True
Is 674 a multiple of 20?
False
Is 67 a factor of 12797?
True
Is 9 a factor of 7492?
False
Is 1067 a multiple of 6?
False
Does 19 divide 1292?
True
Does 15 divide 42660?
True
Is 7 a factor of 4362?
False
Is 743 a multiple of 11?
False
Is 10 a factor of 1560?
True
Is 2625 a multiple of 5?
True
Is 18 a factor of 2183?
False
Does 19 divide 2916?
False
Is 4680 a multiple of 72?
True
Does 22 divide 2572?
False
Does 122 divide 15616?
True
Is 3 a factor of 302?
False
Is 1155 a multiple of 11?
True
Is 1618 a multiple of 82?
False
Is 2490 a multiple of 11?
False
Is 153 a multiple of 15?
False
Is 7 a factor of 532?
True
Is 33965 a multiple of 19?
False
Is 44 a factor of 5385?
False
Does 20 divide 94220?
True
Is 3366 a multiple of 66?
True
Is 961 even?
False
Is 696 a multiple of 9?
False
Is 22 a factor of 968?
True
Is 9994 a multiple of 20?
False
Does 10 divide 3027?
False
Is 15078 a multiple of 14?
True
Is 9 a factor of 18432?
True
Is 13233 a multiple of 11?
True
Is 15482 a multiple of 11?
False
Is 40 a factor of 2358?
False
Is 68 a multiple of 20?
False
Is 33 a factor of 513?
False
Is 109 a factor of 17985?
True
Is 1874 a multiple of 40?
False
Does 36 divide 64?
False
Is 39 a factor of 585?
True
Does 131 divide 46048?
False
Does 22 divide 633?
False
Does 47 divide 282?
True
Is 77 a factor of 1232?
True
Is 60822 a multiple of 19?
False
Is 41624 a multiple of 242?
True
Does 43 divide 14961?
False
Is 20384 a multiple of 14?
True
Does 5 divide 420?
True
Is 6422 a multiple of 53?
False
Does 41 divide 656?
True
Does 7 divide 44900?
False
Is 15 a factor of 7890?
True
Is 3888 a multiple of 24?
True
Is 23 a factor of 9315?
True
Is 29 a factor of 94?
False
Is 11 a factor of 3369?
False
Is 269 a multiple of 3?
False
Is 938 a multiple of 7?
True
Is 33 even?
False
Is 1561 a multiple of 38?
False
Is 301 a multiple of 7?
True
Does 22 divide 3344?
True
Is 24064 a multiple of 16?
True
Is 9975 a multiple of 15?
True
Is 13742 a multiple of 23?
False
Does 12 divide 828?
True
Does 67 divide 3149?
True
Does 301 divide 60802?
True
Is 759 a multiple of 23?
True
Is 48739 a multiple of 47?
True
Is 69 a factor of 2313?
False
Does 111 divide 8421?
False
Is 5491 a multiple of 18?
False
Is 82 a factor of 42558?
True
Is 285 a multiple of 19?
True
Is 35 a factor of 375?
False
Is 114 a factor of 7410?
True
Is 32315 a multiple of 113?
False
Is 624 a multiple of 48?
True
Is 1271 a multiple of 31?
True
Is 1998 a multiple of 74?
True
Is 3900 a multiple of 12?
True
Does 39 divide 702?
True
Is 43 a factor of 24045?
False
Does 65 divide 4225?
True
Is 137620 a multiple of 70?
True
Is 58 a factor of 2657?
False
Does 158 divide 41712?
True
Does 16 divide 30576?
True
Is 9224 a multiple of 45?
False
Does 80 divide 1057?
False
Is 7 a factor of 6496?
True
Does 20 divide 260?
True
Is 10 a factor of 6040?
True
Is 2955 a multiple of 15?
True
Is 145 a multiple of 5?
True
Does 79 divide 3239?
True
Is 18 a factor of 45612?
True
Is 260 a multiple of 6?
False
Does 11 divide 44?
True
Is 2 a factor of 144?
True
Is 1854 a multiple of 19?
False
Does 78 divide 21216?
True
Is 240 a multiple of 3?
True
Is 61 a factor of 3131?
False
Is 12 a factor of 92400?
True
Does 4 divide 32?
True
Does 34 divide 37740?
True
Is 2301 a multiple of 24?
False
Is 65 a factor of 2990?
True
Is 1166 a multiple of 53?
True
Is 42 a factor of 1134?
True
Does 34 divide 1326?
True
Is 1827 a multiple of 3?
True
Is 7444 a multiple of 5?
False
Does 20 divide 54510?
False
Is 30 a factor of 240?
True
Is 130471 a multiple of 319?
True
Is 672 a multiple of 21?
True
Is 1139 a multiple of 3?
False
Is 33 a factor of 1749?
True
Does 13 divide 619?
False
Does 95 divide 1667?
False
Is 15 a factor of 39245?
False
Is 1744 a multiple of 16?
True
Is 63 a factor of 21079?
False
Is 31 a factor of 8153?
True
Does 89 divide 3738?
True
Is 12520 a multiple of 10?
True
Does 18 divide 1492?
False
Does 4